{"id":5,"date":"2023-12-10T01:16:40","date_gmt":"2023-12-10T00:16:40","guid":{"rendered":"https:\/\/zalasowa.com.pl\/?page_id=5"},"modified":"2025-02-09T15:34:08","modified_gmt":"2025-02-09T14:34:08","slug":"zalasowa-na-fotografiach","status":"publish","type":"page","link":"https:\/\/zalasowa.com.pl\/","title":{"rendered":"Galeria Krajobraz\u00f3w, Historii i Wydarze\u0144"},"content":{"rendered":"\n<p><\/p>\n\n\n\n<div class=\"wp-block-group alignfull has-white-background-color has-background\" style=\"margin-top:0;margin-bottom:0;padding-top:var(--wp--preset--spacing--50);padding-right:var(--wp--preset--spacing--50);padding-bottom:var(--wp--preset--spacing--50);padding-left:var(--wp--preset--spacing--50);font-size:15px\"><div class=\"wp-block-group__inner-container is-layout-constrained wp-container-core-group-is-layout-09821321 wp-block-group-is-layout-constrained\">\n<div class=\"wp-block-columns alignwide is-layout-flex wp-container-core-columns-is-layout-3edbca9c wp-block-columns-is-layout-flex\" style=\"margin-top:0;margin-bottom:0\">\n<div class=\"wp-block-column is-layout-flow wp-block-column-is-layout-flow\">\n<figure class=\"wp-block-image size-large is-resized is-style-default\"><a href=\"https:\/\/zalasowa.com.pl\/?page_id=141\"><img loading=\"lazy\" decoding=\"async\" width=\"1024\" height=\"683\" src=\"https:\/\/zalasowa.com.pl\/wp-content\/uploads\/2023\/12\/received_246806124919518-1024x683.jpeg\" alt=\"\" class=\"wp-image-142\" style=\"aspect-ratio:1.3333333333333333;object-fit:cover;width:358px;height:auto\" srcset=\"https:\/\/zalasowa.com.pl\/wp-content\/uploads\/2023\/12\/received_246806124919518-1024x683.jpeg 1024w, https:\/\/zalasowa.com.pl\/wp-content\/uploads\/2023\/12\/received_246806124919518-300x200.jpeg 300w, https:\/\/zalasowa.com.pl\/wp-content\/uploads\/2023\/12\/received_246806124919518-768x512.jpeg 768w, https:\/\/zalasowa.com.pl\/wp-content\/uploads\/2023\/12\/received_246806124919518-535x357.jpeg 535w, https:\/\/zalasowa.com.pl\/wp-content\/uploads\/2023\/12\/received_246806124919518-508x339.jpeg 508w, https:\/\/zalasowa.com.pl\/wp-content\/uploads\/2023\/12\/received_246806124919518.jpeg 1050w\" sizes=\"auto, (max-width: 1024px) 100vw, 1024px\" \/><\/a><figcaption class=\"wp-element-caption\">Zalasowa na tle Tatr<\/figcaption><\/figure>\n\n\n\n<div style=\"height:0px\" aria-hidden=\"true\" class=\"wp-block-spacer\"><\/div>\n\n\n\n<figure class=\"wp-block-image size-large is-style-default\"><a href=\"https:\/\/zalasowa.com.pl\/?page_id=105\"><img loading=\"lazy\" decoding=\"async\" width=\"1024\" height=\"680\" src=\"https:\/\/zalasowa.com.pl\/wp-content\/uploads\/2023\/12\/DSC_0022-1-1024x680.jpg\" alt=\"\" class=\"wp-image-119\" style=\"aspect-ratio:3\/4;object-fit:cover\" srcset=\"https:\/\/zalasowa.com.pl\/wp-content\/uploads\/2023\/12\/DSC_0022-1-1024x680.jpg 1024w, https:\/\/zalasowa.com.pl\/wp-content\/uploads\/2023\/12\/DSC_0022-1-300x199.jpg 300w, https:\/\/zalasowa.com.pl\/wp-content\/uploads\/2023\/12\/DSC_0022-1-768x510.jpg 768w, https:\/\/zalasowa.com.pl\/wp-content\/uploads\/2023\/12\/DSC_0022-1-535x355.jpg 535w, https:\/\/zalasowa.com.pl\/wp-content\/uploads\/2023\/12\/DSC_0022-1-1536x1020.jpg 1536w, https:\/\/zalasowa.com.pl\/wp-content\/uploads\/2023\/12\/DSC_0022-1-2048x1361.jpg 2048w, https:\/\/zalasowa.com.pl\/wp-content\/uploads\/2023\/12\/DSC_0022-1-1240x824.jpg 1240w, https:\/\/zalasowa.com.pl\/wp-content\/uploads\/2023\/12\/DSC_0022-1-508x337.jpg 508w\" sizes=\"auto, (max-width: 1024px) 100vw, 1024px\" \/><\/a><figcaption class=\"wp-element-caption\">I Hubertus w Zalasowej 2022 rok<\/figcaption><\/figure>\n\n\n\n<div style=\"height:1px\" aria-hidden=\"true\" class=\"wp-block-spacer\"><\/div>\n\n\n\n<figure class=\"wp-block-image size-large is-resized\"><a href=\"https:\/\/zalasowa.com.pl\/?page_id=130\"><img loading=\"lazy\" decoding=\"async\" width=\"680\" height=\"1024\" src=\"https:\/\/zalasowa.com.pl\/wp-content\/uploads\/2023\/12\/DSC_0095-680x1024.jpg\" alt=\"\" class=\"wp-image-127\" style=\"width:355px;height:auto\" srcset=\"https:\/\/zalasowa.com.pl\/wp-content\/uploads\/2023\/12\/DSC_0095-680x1024.jpg 680w, https:\/\/zalasowa.com.pl\/wp-content\/uploads\/2023\/12\/DSC_0095-199x300.jpg 199w, https:\/\/zalasowa.com.pl\/wp-content\/uploads\/2023\/12\/DSC_0095-768x1156.jpg 768w, https:\/\/zalasowa.com.pl\/wp-content\/uploads\/2023\/12\/DSC_0095-535x806.jpg 535w, https:\/\/zalasowa.com.pl\/wp-content\/uploads\/2023\/12\/DSC_0095-1020x1536.jpg 1020w, https:\/\/zalasowa.com.pl\/wp-content\/uploads\/2023\/12\/DSC_0095-1360x2048.jpg 1360w, https:\/\/zalasowa.com.pl\/wp-content\/uploads\/2023\/12\/DSC_0095-1240x1867.jpg 1240w, https:\/\/zalasowa.com.pl\/wp-content\/uploads\/2023\/12\/DSC_0095-508x765.jpg 508w, https:\/\/zalasowa.com.pl\/wp-content\/uploads\/2023\/12\/DSC_0095-scaled.jpg 1700w\" sizes=\"auto, (max-width: 680px) 100vw, 680px\" \/><\/a><figcaption class=\"wp-element-caption\">II Hubertus w Zalasowej 2023 rok<\/figcaption><\/figure>\n\n\n\n<figure data-wp-context=\"{&quot;imageId&quot;:&quot;69da89421da6f&quot;}\" data-wp-interactive=\"core\/image\" data-wp-key=\"69da89421da6f\" class=\"wp-block-image size-large wp-lightbox-container\"><img loading=\"lazy\" decoding=\"async\" width=\"1024\" height=\"683\" data-wp-class--hide=\"state.isContentHidden\" data-wp-class--show=\"state.isContentVisible\" data-wp-init=\"callbacks.setButtonStyles\" data-wp-on--click=\"actions.showLightbox\" data-wp-on--load=\"callbacks.setButtonStyles\" data-wp-on-window--resize=\"callbacks.setButtonStyles\" src=\"https:\/\/zalasowa.com.pl\/wp-content\/uploads\/2023\/12\/DSC_0096-1024x683.jpg\" alt=\"\" class=\"wp-image-187\" srcset=\"https:\/\/zalasowa.com.pl\/wp-content\/uploads\/2023\/12\/DSC_0096-1024x683.jpg 1024w, https:\/\/zalasowa.com.pl\/wp-content\/uploads\/2023\/12\/DSC_0096-300x200.jpg 300w, https:\/\/zalasowa.com.pl\/wp-content\/uploads\/2023\/12\/DSC_0096-768x512.jpg 768w, https:\/\/zalasowa.com.pl\/wp-content\/uploads\/2023\/12\/DSC_0096-1536x1024.jpg 1536w, https:\/\/zalasowa.com.pl\/wp-content\/uploads\/2023\/12\/DSC_0096-2048x1365.jpg 2048w, https:\/\/zalasowa.com.pl\/wp-content\/uploads\/2023\/12\/DSC_0096-1240x827.jpg 1240w, https:\/\/zalasowa.com.pl\/wp-content\/uploads\/2023\/12\/DSC_0096-508x339.jpg 508w\" sizes=\"auto, (max-width: 1024px) 100vw, 1024px\" \/><button\n\t\t\tclass=\"lightbox-trigger\"\n\t\t\ttype=\"button\"\n\t\t\taria-haspopup=\"dialog\"\n\t\t\taria-label=\"Powi\u0119ksz\"\n\t\t\tdata-wp-init=\"callbacks.initTriggerButton\"\n\t\t\tdata-wp-on--click=\"actions.showLightbox\"\n\t\t\tdata-wp-style--right=\"state.imageButtonRight\"\n\t\t\tdata-wp-style--top=\"state.imageButtonTop\"\n\t\t>\n\t\t\t<svg xmlns=\"http:\/\/www.w3.org\/2000\/svg\" width=\"12\" height=\"12\" fill=\"none\" viewBox=\"0 0 12 12\">\n\t\t\t\t<path fill=\"#fff\" d=\"M2 0a2 2 0 0 0-2 2v2h1.5V2a.5.5 0 0 1 .5-.5h2V0H2Zm2 10.5H2a.5.5 0 0 1-.5-.5V8H0v2a2 2 0 0 0 2 2h2v-1.5ZM8 12v-1.5h2a.5.5 0 0 0 .5-.5V8H12v2a2 2 0 0 1-2 2H8Zm2-12a2 2 0 0 1 2 2v2h-1.5V2a.5.5 0 0 0-.5-.5H8V0h2Z\" \/>\n\t\t\t<\/svg>\n\t\t<\/button><figcaption class=\"wp-element-caption\">Zach\u00f3d s\u0142o\u0144ca nad Tatrami<\/figcaption><\/figure>\n\n\n\n<figure data-wp-context=\"{&quot;imageId&quot;:&quot;69da89421deb9&quot;}\" data-wp-interactive=\"core\/image\" data-wp-key=\"69da89421deb9\" class=\"wp-block-image size-large wp-lightbox-container\"><img loading=\"lazy\" decoding=\"async\" width=\"1024\" height=\"680\" data-wp-class--hide=\"state.isContentHidden\" data-wp-class--show=\"state.isContentVisible\" data-wp-init=\"callbacks.setButtonStyles\" data-wp-on--click=\"actions.showLightbox\" data-wp-on--load=\"callbacks.setButtonStyles\" data-wp-on-window--resize=\"callbacks.setButtonStyles\" src=\"https:\/\/zalasowa.com.pl\/wp-content\/uploads\/2024\/04\/DSC_0413-1024x680.jpg\" alt=\"\" class=\"wp-image-254\" srcset=\"https:\/\/zalasowa.com.pl\/wp-content\/uploads\/2024\/04\/DSC_0413-1024x680.jpg 1024w, https:\/\/zalasowa.com.pl\/wp-content\/uploads\/2024\/04\/DSC_0413-300x199.jpg 300w, https:\/\/zalasowa.com.pl\/wp-content\/uploads\/2024\/04\/DSC_0413-768x510.jpg 768w, https:\/\/zalasowa.com.pl\/wp-content\/uploads\/2024\/04\/DSC_0413-508x337.jpg 508w, https:\/\/zalasowa.com.pl\/wp-content\/uploads\/2024\/04\/DSC_0413.jpg 1080w\" sizes=\"auto, (max-width: 1024px) 100vw, 1024px\" \/><button\n\t\t\tclass=\"lightbox-trigger\"\n\t\t\ttype=\"button\"\n\t\t\taria-haspopup=\"dialog\"\n\t\t\taria-label=\"Powi\u0119ksz\"\n\t\t\tdata-wp-init=\"callbacks.initTriggerButton\"\n\t\t\tdata-wp-on--click=\"actions.showLightbox\"\n\t\t\tdata-wp-style--right=\"state.imageButtonRight\"\n\t\t\tdata-wp-style--top=\"state.imageButtonTop\"\n\t\t>\n\t\t\t<svg xmlns=\"http:\/\/www.w3.org\/2000\/svg\" width=\"12\" height=\"12\" fill=\"none\" viewBox=\"0 0 12 12\">\n\t\t\t\t<path fill=\"#fff\" d=\"M2 0a2 2 0 0 0-2 2v2h1.5V2a.5.5 0 0 1 .5-.5h2V0H2Zm2 10.5H2a.5.5 0 0 1-.5-.5V8H0v2a2 2 0 0 0 2 2h2v-1.5ZM8 12v-1.5h2a.5.5 0 0 0 .5-.5V8H12v2a2 2 0 0 1-2 2H8Zm2-12a2 2 0 0 1 2 2v2h-1.5V2a.5.5 0 0 0-.5-.5H8V0h2Z\" \/>\n\t\t\t<\/svg>\n\t\t<\/button><figcaption class=\"wp-element-caption\">Widok ze Stacji Turystyki Konnej<\/figcaption><\/figure>\n\n\n\n<figure class=\"wp-block-image size-large\"><a href=\"https:\/\/zalasowa.com.pl\/?page_id=487\"><img loading=\"lazy\" decoding=\"async\" width=\"1024\" height=\"680\" src=\"https:\/\/zalasowa.com.pl\/wp-content\/uploads\/2025\/02\/DSC_0058-Edytuj-2-1024x680.jpg\" alt=\"\" class=\"wp-image-511\" srcset=\"https:\/\/zalasowa.com.pl\/wp-content\/uploads\/2025\/02\/DSC_0058-Edytuj-2-1024x680.jpg 1024w, https:\/\/zalasowa.com.pl\/wp-content\/uploads\/2025\/02\/DSC_0058-Edytuj-2-300x199.jpg 300w, https:\/\/zalasowa.com.pl\/wp-content\/uploads\/2025\/02\/DSC_0058-Edytuj-2-768x510.jpg 768w, https:\/\/zalasowa.com.pl\/wp-content\/uploads\/2025\/02\/DSC_0058-Edytuj-2-508x337.jpg 508w, https:\/\/zalasowa.com.pl\/wp-content\/uploads\/2025\/02\/DSC_0058-Edytuj-2.jpg 1080w\" sizes=\"auto, (max-width: 1024px) 100vw, 1024px\" \/><\/a><figcaption class=\"wp-element-caption\">Jaworzyna Krynicka<\/figcaption><\/figure>\n<\/div>\n\n\n\n<div class=\"wp-block-column is-layout-flow wp-block-column-is-layout-flow\">\n<div style=\"height:36px\" aria-hidden=\"true\" class=\"wp-block-spacer\"><\/div>\n\n\n\n<div class=\"wp-block-group is-nowrap is-layout-flex wp-container-core-group-is-layout-ad2f72ca wp-block-group-is-layout-flex\">\n<div style=\"height:var(--wp--preset--spacing--50);width:0px\" aria-hidden=\"true\" class=\"wp-block-spacer wp-container-content-7a8412fc\"><\/div>\n\n\n\n<figure class=\"wp-block-image size-full\"><a href=\"https:\/\/zalasowa.com.pl\/?page_id=372\"><img loading=\"lazy\" decoding=\"async\" width=\"507\" height=\"767\" src=\"https:\/\/zalasowa.com.pl\/wp-content\/uploads\/2024\/08\/Medard-Czarnik1.jpg\" alt=\"\" class=\"wp-image-355\" srcset=\"https:\/\/zalasowa.com.pl\/wp-content\/uploads\/2024\/08\/Medard-Czarnik1.jpg 507w, https:\/\/zalasowa.com.pl\/wp-content\/uploads\/2024\/08\/Medard-Czarnik1-198x300.jpg 198w\" sizes=\"auto, (max-width: 507px) 100vw, 507px\" \/><\/a><figcaption class=\"wp-element-caption\"><a href=\"https:\/\/zalasowa.com.pl\/?page_id=372\" title=\"\">Medard Czarnik &#8211; archiwum cyfrowe fotografii &#8211; czytaj wi\u0119cej&#8230;<\/a><\/figcaption><\/figure>\n<\/div>\n\n\n\n<div style=\"height:var(--wp--preset--spacing--50)\" aria-hidden=\"true\" class=\"wp-block-spacer\"><\/div>\n\n\n\n<div style=\"height:0px\" aria-hidden=\"true\" class=\"wp-block-spacer\"><\/div>\n\n\n\n<figure data-wp-context=\"{&quot;imageId&quot;:&quot;69da89421e6b1&quot;}\" data-wp-interactive=\"core\/image\" data-wp-key=\"69da89421e6b1\" class=\"wp-block-image size-large is-style-default wp-lightbox-container\"><img loading=\"lazy\" decoding=\"async\" width=\"1024\" height=\"685\" data-wp-class--hide=\"state.isContentHidden\" data-wp-class--show=\"state.isContentVisible\" data-wp-init=\"callbacks.setButtonStyles\" data-wp-on--click=\"actions.showLightbox\" data-wp-on--load=\"callbacks.setButtonStyles\" data-wp-on-window--resize=\"callbacks.setButtonStyles\" src=\"https:\/\/zalasowa.com.pl\/wp-content\/uploads\/2023\/12\/DSC_0011-1024x685.jpg\" alt=\"\" class=\"wp-image-44\" style=\"aspect-ratio:1;object-fit:cover\" srcset=\"https:\/\/zalasowa.com.pl\/wp-content\/uploads\/2023\/12\/DSC_0011-1024x685.jpg 1024w, https:\/\/zalasowa.com.pl\/wp-content\/uploads\/2023\/12\/DSC_0011-300x201.jpg 300w, https:\/\/zalasowa.com.pl\/wp-content\/uploads\/2023\/12\/DSC_0011-768x513.jpg 768w, https:\/\/zalasowa.com.pl\/wp-content\/uploads\/2023\/12\/DSC_0011-535x358.jpg 535w, https:\/\/zalasowa.com.pl\/wp-content\/uploads\/2023\/12\/DSC_0011-1536x1027.jpg 1536w, https:\/\/zalasowa.com.pl\/wp-content\/uploads\/2023\/12\/DSC_0011.jpg 1801w\" sizes=\"auto, (max-width: 1024px) 100vw, 1024px\" \/><button\n\t\t\tclass=\"lightbox-trigger\"\n\t\t\ttype=\"button\"\n\t\t\taria-haspopup=\"dialog\"\n\t\t\taria-label=\"Powi\u0119ksz\"\n\t\t\tdata-wp-init=\"callbacks.initTriggerButton\"\n\t\t\tdata-wp-on--click=\"actions.showLightbox\"\n\t\t\tdata-wp-style--right=\"state.imageButtonRight\"\n\t\t\tdata-wp-style--top=\"state.imageButtonTop\"\n\t\t>\n\t\t\t<svg xmlns=\"http:\/\/www.w3.org\/2000\/svg\" width=\"12\" height=\"12\" fill=\"none\" viewBox=\"0 0 12 12\">\n\t\t\t\t<path fill=\"#fff\" d=\"M2 0a2 2 0 0 0-2 2v2h1.5V2a.5.5 0 0 1 .5-.5h2V0H2Zm2 10.5H2a.5.5 0 0 1-.5-.5V8H0v2a2 2 0 0 0 2 2h2v-1.5ZM8 12v-1.5h2a.5.5 0 0 0 .5-.5V8H12v2a2 2 0 0 1-2 2H8Zm2-12a2 2 0 0 1 2 2v2h-1.5V2a.5.5 0 0 0-.5-.5H8V0h2Z\" \/>\n\t\t\t<\/svg>\n\t\t<\/button><\/figure>\n\n\n\n<div style=\"height:34px\" aria-hidden=\"true\" class=\"wp-block-spacer\"><\/div>\n\n\n\n<figure data-wp-context=\"{&quot;imageId&quot;:&quot;69da89421eaeb&quot;}\" data-wp-interactive=\"core\/image\" data-wp-key=\"69da89421eaeb\" class=\"wp-block-image size-large is-resized is-style-default wp-lightbox-container\"><img loading=\"lazy\" decoding=\"async\" width=\"1024\" height=\"685\" data-wp-class--hide=\"state.isContentHidden\" data-wp-class--show=\"state.isContentVisible\" data-wp-init=\"callbacks.setButtonStyles\" data-wp-on--click=\"actions.showLightbox\" data-wp-on--load=\"callbacks.setButtonStyles\" data-wp-on-window--resize=\"callbacks.setButtonStyles\" src=\"https:\/\/zalasowa.com.pl\/wp-content\/uploads\/2023\/12\/DSC_0014-1-1024x685.jpg\" alt=\"\" class=\"wp-image-66\" style=\"aspect-ratio:1.7777777777777777;object-fit:cover;width:356px;height:auto\" srcset=\"https:\/\/zalasowa.com.pl\/wp-content\/uploads\/2023\/12\/DSC_0014-1-1024x685.jpg 1024w, https:\/\/zalasowa.com.pl\/wp-content\/uploads\/2023\/12\/DSC_0014-1-300x201.jpg 300w, https:\/\/zalasowa.com.pl\/wp-content\/uploads\/2023\/12\/DSC_0014-1-768x513.jpg 768w, https:\/\/zalasowa.com.pl\/wp-content\/uploads\/2023\/12\/DSC_0014-1-535x358.jpg 535w, https:\/\/zalasowa.com.pl\/wp-content\/uploads\/2023\/12\/DSC_0014-1-1536x1027.jpg 1536w, https:\/\/zalasowa.com.pl\/wp-content\/uploads\/2023\/12\/DSC_0014-1.jpg 1801w\" sizes=\"auto, (max-width: 1024px) 100vw, 1024px\" \/><button\n\t\t\tclass=\"lightbox-trigger\"\n\t\t\ttype=\"button\"\n\t\t\taria-haspopup=\"dialog\"\n\t\t\taria-label=\"Powi\u0119ksz\"\n\t\t\tdata-wp-init=\"callbacks.initTriggerButton\"\n\t\t\tdata-wp-on--click=\"actions.showLightbox\"\n\t\t\tdata-wp-style--right=\"state.imageButtonRight\"\n\t\t\tdata-wp-style--top=\"state.imageButtonTop\"\n\t\t>\n\t\t\t<svg xmlns=\"http:\/\/www.w3.org\/2000\/svg\" width=\"12\" height=\"12\" fill=\"none\" viewBox=\"0 0 12 12\">\n\t\t\t\t<path fill=\"#fff\" d=\"M2 0a2 2 0 0 0-2 2v2h1.5V2a.5.5 0 0 1 .5-.5h2V0H2Zm2 10.5H2a.5.5 0 0 1-.5-.5V8H0v2a2 2 0 0 0 2 2h2v-1.5ZM8 12v-1.5h2a.5.5 0 0 0 .5-.5V8H12v2a2 2 0 0 1-2 2H8Zm2-12a2 2 0 0 1 2 2v2h-1.5V2a.5.5 0 0 0-.5-.5H8V0h2Z\" \/>\n\t\t\t<\/svg>\n\t\t<\/button><\/figure>\n\n\n\n<div style=\"height:34px\" aria-hidden=\"true\" class=\"wp-block-spacer\"><\/div>\n\n\n\n<figure data-wp-context=\"{&quot;imageId&quot;:&quot;69da89421ef2b&quot;}\" data-wp-interactive=\"core\/image\" data-wp-key=\"69da89421ef2b\" class=\"wp-block-image size-large is-resized is-style-default wp-lightbox-container\"><img loading=\"lazy\" decoding=\"async\" width=\"1024\" height=\"680\" data-wp-class--hide=\"state.isContentHidden\" data-wp-class--show=\"state.isContentVisible\" data-wp-init=\"callbacks.setButtonStyles\" data-wp-on--click=\"actions.showLightbox\" data-wp-on--load=\"callbacks.setButtonStyles\" data-wp-on-window--resize=\"callbacks.setButtonStyles\" src=\"https:\/\/zalasowa.com.pl\/wp-content\/uploads\/2023\/12\/basen_las_Tuchowski-1024x680.jpg\" alt=\"\" class=\"wp-image-59\" style=\"aspect-ratio:0.75;object-fit:cover;width:359px;height:auto\" srcset=\"https:\/\/zalasowa.com.pl\/wp-content\/uploads\/2023\/12\/basen_las_Tuchowski-1024x680.jpg 1024w, https:\/\/zalasowa.com.pl\/wp-content\/uploads\/2023\/12\/basen_las_Tuchowski-300x199.jpg 300w, https:\/\/zalasowa.com.pl\/wp-content\/uploads\/2023\/12\/basen_las_Tuchowski-768x510.jpg 768w, https:\/\/zalasowa.com.pl\/wp-content\/uploads\/2023\/12\/basen_las_Tuchowski-535x355.jpg 535w, https:\/\/zalasowa.com.pl\/wp-content\/uploads\/2023\/12\/basen_las_Tuchowski-1536x1020.jpg 1536w, https:\/\/zalasowa.com.pl\/wp-content\/uploads\/2023\/12\/basen_las_Tuchowski.jpg 1716w\" sizes=\"auto, (max-width: 1024px) 100vw, 1024px\" \/><button\n\t\t\tclass=\"lightbox-trigger\"\n\t\t\ttype=\"button\"\n\t\t\taria-haspopup=\"dialog\"\n\t\t\taria-label=\"Powi\u0119ksz\"\n\t\t\tdata-wp-init=\"callbacks.initTriggerButton\"\n\t\t\tdata-wp-on--click=\"actions.showLightbox\"\n\t\t\tdata-wp-style--right=\"state.imageButtonRight\"\n\t\t\tdata-wp-style--top=\"state.imageButtonTop\"\n\t\t>\n\t\t\t<svg xmlns=\"http:\/\/www.w3.org\/2000\/svg\" width=\"12\" height=\"12\" fill=\"none\" viewBox=\"0 0 12 12\">\n\t\t\t\t<path fill=\"#fff\" d=\"M2 0a2 2 0 0 0-2 2v2h1.5V2a.5.5 0 0 1 .5-.5h2V0H2Zm2 10.5H2a.5.5 0 0 1-.5-.5V8H0v2a2 2 0 0 0 2 2h2v-1.5ZM8 12v-1.5h2a.5.5 0 0 0 .5-.5V8H12v2a2 2 0 0 1-2 2H8Zm2-12a2 2 0 0 1 2 2v2h-1.5V2a.5.5 0 0 0-.5-.5H8V0h2Z\" \/>\n\t\t\t<\/svg>\n\t\t<\/button><figcaption class=\"wp-element-caption\">Zach\u00f3d s\u0142o\u0144ca nad stawem<\/figcaption><\/figure>\n\n\n\n<figure class=\"wp-block-image size-large is-resized\"><a href=\"https:\/\/zalasowa.com.pl\/?page_id=213\"><img loading=\"lazy\" decoding=\"async\" width=\"1024\" height=\"683\" src=\"https:\/\/zalasowa.com.pl\/wp-content\/uploads\/2024\/04\/DSC_0560-1024x683.jpg\" alt=\"\" class=\"wp-image-221\" style=\"width:470px;height:auto\" srcset=\"https:\/\/zalasowa.com.pl\/wp-content\/uploads\/2024\/04\/DSC_0560-1024x683.jpg 1024w, https:\/\/zalasowa.com.pl\/wp-content\/uploads\/2024\/04\/DSC_0560-300x200.jpg 300w, https:\/\/zalasowa.com.pl\/wp-content\/uploads\/2024\/04\/DSC_0560-768x512.jpg 768w, https:\/\/zalasowa.com.pl\/wp-content\/uploads\/2024\/04\/DSC_0560-508x339.jpg 508w, https:\/\/zalasowa.com.pl\/wp-content\/uploads\/2024\/04\/DSC_0560.jpg 1080w\" sizes=\"auto, (max-width: 1024px) 100vw, 1024px\" \/><\/a><figcaption class=\"wp-element-caption\">W lesie Tuchowskim<\/figcaption><\/figure>\n<\/div>\n\n\n\n<div class=\"wp-block-column is-layout-flow wp-block-column-is-layout-flow\">\n<figure class=\"wp-block-image size-large is-resized is-style-default\"><a href=\"https:\/\/zalasowa.com.pl\/?page_id=434\"><img loading=\"lazy\" decoding=\"async\" width=\"1024\" height=\"682\" src=\"https:\/\/zalasowa.com.pl\/wp-content\/uploads\/2025\/01\/DSC_3756-1024x682.jpg\" alt=\"\" class=\"wp-image-444\" style=\"aspect-ratio:1;object-fit:cover;width:359px;height:auto\" srcset=\"https:\/\/zalasowa.com.pl\/wp-content\/uploads\/2025\/01\/DSC_3756-1024x682.jpg 1024w, https:\/\/zalasowa.com.pl\/wp-content\/uploads\/2025\/01\/DSC_3756-300x200.jpg 300w, https:\/\/zalasowa.com.pl\/wp-content\/uploads\/2025\/01\/DSC_3756-768x511.jpg 768w, https:\/\/zalasowa.com.pl\/wp-content\/uploads\/2025\/01\/DSC_3756-508x338.jpg 508w, https:\/\/zalasowa.com.pl\/wp-content\/uploads\/2025\/01\/DSC_3756.jpg 1080w\" sizes=\"auto, (max-width: 1024px) 100vw, 1024px\" \/><\/a><figcaption class=\"wp-element-caption\">Tatry i Zakopane<\/figcaption><\/figure>\n\n\n\n<div style=\"height:var(--wp--preset--spacing--50)\" aria-hidden=\"true\" class=\"wp-block-spacer\"><\/div>\n\n\n\n<figure class=\"wp-block-image size-large is-style-default\"><a href=\"https:\/\/zalasowa.com.pl\/?page_id=449\"><img loading=\"lazy\" decoding=\"async\" width=\"1024\" height=\"660\" src=\"https:\/\/zalasowa.com.pl\/wp-content\/uploads\/2025\/01\/sept2013-031@-1024x660.jpg\" alt=\"\" class=\"wp-image-455\" style=\"aspect-ratio:16\/9;object-fit:cover\" srcset=\"https:\/\/zalasowa.com.pl\/wp-content\/uploads\/2025\/01\/sept2013-031@-1024x660.jpg 1024w, https:\/\/zalasowa.com.pl\/wp-content\/uploads\/2025\/01\/sept2013-031@-300x193.jpg 300w, https:\/\/zalasowa.com.pl\/wp-content\/uploads\/2025\/01\/sept2013-031@-768x495.jpg 768w, https:\/\/zalasowa.com.pl\/wp-content\/uploads\/2025\/01\/sept2013-031@-1240x799.jpg 1240w, https:\/\/zalasowa.com.pl\/wp-content\/uploads\/2025\/01\/sept2013-031@-508x328.jpg 508w, https:\/\/zalasowa.com.pl\/wp-content\/uploads\/2025\/01\/sept2013-031@.jpg 1261w\" sizes=\"auto, (max-width: 1024px) 100vw, 1024px\" \/><\/a><figcaption class=\"wp-element-caption\">W kraju fiord\u00f3w &#8211; fot. Tomasz Pawliczek<\/figcaption><\/figure>\n\n\n\n<div style=\"height:0px\" aria-hidden=\"true\" class=\"wp-block-spacer\"><\/div>\n\n\n\n<figure class=\"wp-block-image size-large is-style-default\"><a href=\"https:\/\/zalasowa.com.pl\/?page_id=153\"><img loading=\"lazy\" decoding=\"async\" width=\"1024\" height=\"680\" src=\"https:\/\/zalasowa.com.pl\/wp-content\/uploads\/2023\/12\/DSC_0686-1024x680.jpg\" alt=\"\" class=\"wp-image-53\" style=\"aspect-ratio:9\/16;object-fit:cover\" srcset=\"https:\/\/zalasowa.com.pl\/wp-content\/uploads\/2023\/12\/DSC_0686-1024x680.jpg 1024w, https:\/\/zalasowa.com.pl\/wp-content\/uploads\/2023\/12\/DSC_0686-300x199.jpg 300w, https:\/\/zalasowa.com.pl\/wp-content\/uploads\/2023\/12\/DSC_0686-768x510.jpg 768w, https:\/\/zalasowa.com.pl\/wp-content\/uploads\/2023\/12\/DSC_0686-535x355.jpg 535w, https:\/\/zalasowa.com.pl\/wp-content\/uploads\/2023\/12\/DSC_0686.jpg 1448w\" sizes=\"auto, (max-width: 1024px) 100vw, 1024px\" \/><\/a><figcaption class=\"wp-element-caption\">Szlakami Zalasowej<\/figcaption><\/figure>\n\n\n\n<div style=\"height:1px\" aria-hidden=\"true\" class=\"wp-block-spacer\"><\/div>\n\n\n\n<figure data-wp-context=\"{&quot;imageId&quot;:&quot;69da89421f6f5&quot;}\" data-wp-interactive=\"core\/image\" data-wp-key=\"69da89421f6f5\" class=\"wp-block-image size-large is-resized is-style-default wp-lightbox-container\"><img loading=\"lazy\" decoding=\"async\" width=\"1024\" height=\"680\" data-wp-class--hide=\"state.isContentHidden\" data-wp-class--show=\"state.isContentVisible\" data-wp-init=\"callbacks.setButtonStyles\" data-wp-on--click=\"actions.showLightbox\" data-wp-on--load=\"callbacks.setButtonStyles\" data-wp-on-window--resize=\"callbacks.setButtonStyles\" src=\"https:\/\/zalasowa.com.pl\/wp-content\/uploads\/2023\/12\/DSC_0234-1024x680.jpg\" alt=\"\" class=\"wp-image-38\" style=\"aspect-ratio:1.7777777777777777;object-fit:cover;width:483px;height:auto\" srcset=\"https:\/\/zalasowa.com.pl\/wp-content\/uploads\/2023\/12\/DSC_0234-1024x680.jpg 1024w, https:\/\/zalasowa.com.pl\/wp-content\/uploads\/2023\/12\/DSC_0234-300x199.jpg 300w, https:\/\/zalasowa.com.pl\/wp-content\/uploads\/2023\/12\/DSC_0234-768x510.jpg 768w, https:\/\/zalasowa.com.pl\/wp-content\/uploads\/2023\/12\/DSC_0234-535x355.jpg 535w, https:\/\/zalasowa.com.pl\/wp-content\/uploads\/2023\/12\/DSC_0234-1536x1020.jpg 1536w, https:\/\/zalasowa.com.pl\/wp-content\/uploads\/2023\/12\/DSC_0234.jpg 1626w\" sizes=\"auto, (max-width: 1024px) 100vw, 1024px\" \/><button\n\t\t\tclass=\"lightbox-trigger\"\n\t\t\ttype=\"button\"\n\t\t\taria-haspopup=\"dialog\"\n\t\t\taria-label=\"Powi\u0119ksz\"\n\t\t\tdata-wp-init=\"callbacks.initTriggerButton\"\n\t\t\tdata-wp-on--click=\"actions.showLightbox\"\n\t\t\tdata-wp-style--right=\"state.imageButtonRight\"\n\t\t\tdata-wp-style--top=\"state.imageButtonTop\"\n\t\t>\n\t\t\t<svg xmlns=\"http:\/\/www.w3.org\/2000\/svg\" width=\"12\" height=\"12\" fill=\"none\" viewBox=\"0 0 12 12\">\n\t\t\t\t<path fill=\"#fff\" d=\"M2 0a2 2 0 0 0-2 2v2h1.5V2a.5.5 0 0 1 .5-.5h2V0H2Zm2 10.5H2a.5.5 0 0 1-.5-.5V8H0v2a2 2 0 0 0 2 2h2v-1.5ZM8 12v-1.5h2a.5.5 0 0 0 .5-.5V8H12v2a2 2 0 0 1-2 2H8Zm2-12a2 2 0 0 1 2 2v2h-1.5V2a.5.5 0 0 0-.5-.5H8V0h2Z\" \/>\n\t\t\t<\/svg>\n\t\t<\/button><\/figure>\n\n\n\n<div style=\"height:40px\" aria-hidden=\"true\" class=\"wp-block-spacer\"><\/div>\n\n\n\n<figure class=\"wp-block-image size-large\"><a href=\"https:\/\/zalasowa.com.pl\/?page_id=304\"><img loading=\"lazy\" decoding=\"async\" width=\"1024\" height=\"680\" src=\"https:\/\/zalasowa.com.pl\/wp-content\/uploads\/2024\/08\/f4384256-1024x680.jpg\" alt=\"\" class=\"wp-image-319\" srcset=\"https:\/\/zalasowa.com.pl\/wp-content\/uploads\/2024\/08\/f4384256-1024x680.jpg 1024w, https:\/\/zalasowa.com.pl\/wp-content\/uploads\/2024\/08\/f4384256-300x199.jpg 300w, https:\/\/zalasowa.com.pl\/wp-content\/uploads\/2024\/08\/f4384256-768x510.jpg 768w, https:\/\/zalasowa.com.pl\/wp-content\/uploads\/2024\/08\/f4384256-1536x1020.jpg 1536w, https:\/\/zalasowa.com.pl\/wp-content\/uploads\/2024\/08\/f4384256-1240x823.jpg 1240w, https:\/\/zalasowa.com.pl\/wp-content\/uploads\/2024\/08\/f4384256-508x337.jpg 508w, https:\/\/zalasowa.com.pl\/wp-content\/uploads\/2024\/08\/f4384256.jpg 1920w\" sizes=\"auto, (max-width: 1024px) 100vw, 1024px\" \/><\/a><figcaption class=\"wp-element-caption\">Piknik patriotyczny &#8211; sierpie\u0144 2024<\/figcaption><\/figure>\n<\/div>\n<\/div>\n<\/div><\/div>\n","protected":false},"excerpt":{"rendered":"","protected":false},"author":1,"featured_media":0,"parent":0,"menu_order":0,"comment_status":"closed","ping_status":"closed","template":"","meta":{"om_disable_all_campaigns":false,"_monsterinsights_skip_tracking":false,"_monsterinsights_sitenote_active":false,"_monsterinsights_sitenote_note":"","_monsterinsights_sitenote_category":0,"footnotes":""},"class_list":["post-5","page","type-page","status-publish","hentry"],"aioseo_notices":[],"_links":{"self":[{"href":"https:\/\/zalasowa.com.pl\/index.php?rest_route=\/wp\/v2\/pages\/5","targetHints":{"allow":["GET"]}}],"collection":[{"href":"https:\/\/zalasowa.com.pl\/index.php?rest_route=\/wp\/v2\/pages"}],"about":[{"href":"https:\/\/zalasowa.com.pl\/index.php?rest_route=\/wp\/v2\/types\/page"}],"author":[{"embeddable":true,"href":"https:\/\/zalasowa.com.pl\/index.php?rest_route=\/wp\/v2\/users\/1"}],"replies":[{"embeddable":true,"href":"https:\/\/zalasowa.com.pl\/index.php?rest_route=%2Fwp%2Fv2%2Fcomments&post=5"}],"version-history":[{"count":55,"href":"https:\/\/zalasowa.com.pl\/index.php?rest_route=\/wp\/v2\/pages\/5\/revisions"}],"predecessor-version":[{"id":514,"href":"https:\/\/zalasowa.com.pl\/index.php?rest_route=\/wp\/v2\/pages\/5\/revisions\/514"}],"wp:attachment":[{"href":"https:\/\/zalasowa.com.pl\/index.php?rest_route=%2Fwp%2Fv2%2Fmedia&parent=5"}],"curies":[{"name":"wp","href":"https:\/\/api.w.org\/{rel}","templated":true}]}}